64462?
4
What is the ten thousands digit of 33578673?
7
What is the ten thousands digit of 17537824?
3
What is the hundreds digit of 4488826151?
1
What is the millions digit of 10680501?
0
What is the billions digit of 1202912239?
1
What is the ten millions digit of 406153554?
0
What is the tens digit of 229721896?
9
What is the hundreds digit of 25348307?
3
What is the hundreds digit of 776363919?
9
What is the hundreds digit of 35034818?
8
What is the hundreds digit of 4515299246?
2
What is the tens digit of 4120009062?
6
What is the millions digit of 76144270?
6
What is the hundreds digit of 121472214?
2
What is the millions digit of 677849063?
7
What is the hundred thousands digit of 1002151862?
1
What is the millions digit of 767791533?
7
What is the units digit of 860549845?
5
What is the units digit of 997205991?
1
What is the millions digit of 239305079?
9
What is the units digit of 980841823?
3
What is the ten thousands digit of 218329719?
2
What is the millions digit of 1892120704?
2
What is the hundred thousands digit of 284114757?
1
What is the units digit of 16166488?
8
What is the thousands digit of 722849285?
9
What is the ten thousands digit of 566907260?
0
What is the tens digit of 502785074?
7
What is the units digit of 353368825?
5
What is the thousands digit of 182331017?
1
What is the ten thousands digit of 47995281?
9
What is the hundred millions digit of 1426700809?
4
What is the units digit of 42065350?
0
What is the ten millions digit of 156857044?
5
What is the millions digit of 2291167640?
1
What is the hundreds digit of 50487640?
6
What is the hundreds digit of 343271995?
9
What is the ten thousands digit of 5143289466?
8
What is the units digit of 48431584?
4
What is the ten millions digit of 1075828822?
7
What is the hundreds digit of 306788123?
1
What is the billions digit of 1595481738?
1
What is the tens digit of 186559559?
5
What is the hundred thousands digit of 127457889?
4
What is the thousands digit of 84626231?
6
What is the ten thousands digit of 29801613?
0
What is the units digit of 1027991868?
8
What is the ten millions digit of 40825646?
4
What is the tens digit of 2263773076?
7
What is the hundred thousands digit of 1278158207?
1
What is the millions digit of 70309035?
0
What is the ten thousands digit of 547956865?
5
What is the hundred millions digit of 458491139?
4
What is the thousands digit of 282471547?
1
What is the hundred thousands digit of 11500831?
5
What is the hundred millions digit of 1113295213?
1
What is the millions digit of 370550760?
0
What is the millions digit of 88329588?
8
What is the millions digit of 62945373?
2
What is the hundreds digit of 29664553?
5
What is the units digit of 531237626?
6
What is the thousands digit of 47742595?
2
What is the units digit of 1041291483?
3
What is the units digit of 23204563?
3
What is the units digit of 9644598?
8
What is the millions digit of 60151001?
0
What is the ten millions digit of 223282470?
2
What is the hundred thousands digit of 112851780?
8
What is the hundreds digit of 259894902?
9
What is the tens digit of 82332177?
7
What is the thousands digit of 236283952?
3
What is the ten millions digit of 86740905?
8
What is the thousands digit of 125367818?
7
What is the units digit of 238541638?
8
What is the ten thousands digit of 1464942773?
4
What is the thousands digit of 2372654777?
4
What is the ten millions digit of 87147212?
8
What is the tens digit of 3435343?
4
What is the hundred millions digit of 9135652538?
1
What is the units digit of 1175463343?
3
What is the units digit of 180089699?
9
What is the hundreds digit of 36323241?
2
What is the ten thousands digit of 857019703?
1
What is the hundreds digit of 40405396?
3
What is the units digit of 334537719?
9
What is the hundred thousands digit of 2079873682?
8
What is the tens digit of 927972311?
1
What is the hundred millions digit of 1794673135?
7
What is the thousands digit of 358855722?
5
What is the millions digit of 39728404?
9
What is the tens digit of 58438474?
7
What is the units digit of 213829360?
0
What is the units digit of 1651495430?
0
What is the hundred thousands digit of 225667953?
6
What is the tens digit of 7251358?
5
What is the ten thousands digit of 25502452?
0
What is the units digit of 86683044?
4
What is the hundreds digit of 43235124?
1
What is the tens digit of 17181861?
6
What is the tens digit of 6674013952?
5
What is the thousands digit of 183955586?
5
What is the hundred thousands digit of 72278435?
2
What is the tens digit of 45070127?
2
What is the thousands digit of 46278065?
8
What is the hundred millions digit of 274522517?
2
What is the millions digit of 494093183?
4
What is the ten thousands digit of 889834387?
3
What is the millions digit of 957437026?
7
What is the hundreds digit of 1322903112?
1
What is the hundred thousands digit of 383077892?
0
What is the ten thousands digit of 194369050?
6
What is the hundreds digit of 605798227?
2
What is the ten thousands digit of 91886472?
8
What is the ten thousands digit of 55798717?
9
What is the ten millions digit of 73870747?
7
What is the hundred thousands digit of 734081468?
0
What is the thousands digit of 593674633?
4
What is the units digit of 1693341926?
6
What is the hundreds digit of 118202034?
0
What is the thousands digit of 124366212?
6
What is the ten millions digit of 987780700?
8
What is the tens digit of 6182396601?
0
What is the thousands digit of 442728833?
8
What is the ten thousands digit of 851685911?
8
What is the units digit of 27930670?
0
What is the ten thousands digit of 202582753?
8
What is the hundred thousands digit of 22102202?
1
What is the ten thousands digit of 8033549?
3
What is the hundred thousands digit of 7545491444?
4
What is the tens digit of 1687284407?
0
What is the millions digit of 1990195895?
0
What is the millions digit of 597555419?
7
What is the hundred thousands digit of 4817802200?
8
What is the thousands digit of 107157381?
7
What is the hundred thousands digit of 3816838453?
8
What is the units digit of 44286162?
2
What is the ten thousands digit of 421216415?
1
What is the thousands digit of 60413959?
3
What is the ten millions digit of 57500897?
5
What is the ten thousands digit of 587912714?
1
What is the hundreds digit of 3729882?
8
What is the thousands digit of 1333649714?
9
What is the units digit of 158202597?
7
What is the millions digit of 75648713?
5
What is the hundred millions digit of 105497070?
1
What is the ten millions digit of 163905938?
6
What is the hundred millions digit of 168661448?
1
What is the hundred millions digit of 1181319568?
1
What is the units digit of 253944601?
1
What is the hundred thousands digit of 24476491?
4
What is the ten millions digit of 2325181419?
2
What is the ten millions digit of 780744166?
8
What is the ten millions digit of 17265472?
1
What is the ten thousands digit of 4240741313?
4
What is the thousands digit of 834016101?
6
What is the hundred thousands digit of 1574414897?
4
What is the thousands digit of 28843157?
3
What is the ten thousands digit of 38015148?
1
What is the ten millions digit of 120321674?
2
What is the hundreds digit of 824708435?
4
What is the thousands digit of 264980337?
0
What is the tens digit of 818795251?
5
What is the hundreds digit of 705657301?
3
What is the ten thousands digit of 39711407?
1
What is the tens digit of 6687850531?
3
What is the units digit of 15446806?
6
What is the billions digit of 5246664176?
5
What is the tens digit of 118921929?
2
What is the hundred millions digit of 4576790676?
5
What is the millions digit of 129455597?
9
What is the ten millions digit of 85617411?
8
What is the hundred thousands digit of 5650029?
6
What is the ten millions digit of 115885754?
1
What is the ten millions digit of 182315783?
8
What is the millions digit of 384188923?
4
What is the millions digit of 2008350212?
8
What is the ten thousands digit of 192673260?
7
What is the ten thousands digit of 86195849?
9
What is the units digit of 110195772?
2
What is the ten millions digit of 588001693?
8
What is the millions digit of 38211799?
8
What is the billions digit of 1031218886?
1
What is the hundred thousands digit of 58984162?
9
What is the tens di